964921 composite?
False
Is 81225727393 a prime number?
True
Is 18360751261 a prime number?
False
Is 65739361 composite?
True
Is 3224417941 a prime number?
True
Is 4544082409 prime?
True
Is 7309547339 a prime number?
False
Is 137871719 a prime number?
False
Is 3625010269 composite?
False
Is 72782737 a prime number?
False
Is 24647629767 composite?
True
Is 849610621 a prime number?
False
Is 337634771 prime?
True
Is 13970611253 prime?
False
Is 1558782709 prime?
False
Is 10112991929 a prime number?
False
Is 1910883241 prime?
False
Is 2807770759 a prime number?
True
Is 13800330767 composite?
True
Is 395342419 prime?
False
Is 33269047087 a composite number?
False
Is 112633724923 composite?
False
Is 8206780723 a composite number?
True
Is 1141112327 a composite number?
False
Is 8313381647 a prime number?
True
Is 78873527 prime?
True
Is 13020369371 composite?
True
Is 587666507 a composite number?
False
Is 12762462035 composite?
True
Is 2689442999 a composite number?
False
Is 498491869 a prime number?
True
Is 808752419 composite?
True
Is 1127340713 a composite number?
True
Is 715254017 prime?
False
Is 8411687069 a composite number?
True
Is 28591146673 composite?
False
Is 1105919743 prime?
True
Is 34047143947 composite?
True
Is 1548593817 a composite number?
True
Is 1536759223 a prime number?
True
Is 1059335663 prime?
False
Is 4975033709 a prime number?
False
Is 348870019 prime?
False
Is 2164236511 a composite number?
True
Is 3318925949 composite?
True
Is 149800129 a prime number?
False
Is 31738049543 a composite number?
False
Is 419627837 composite?
True
Is 5501969227 a prime number?
False
Is 616452583 prime?
False
Is 388916057 a prime number?
False
Is 18137993 a prime number?
True
Is 1122785201 a composite number?
True
Is 1253356177 composite?
False
Is 1167068647 prime?
True
Is 7977596153 a composite number?
False
Is 16222094993 a prime number?
False
Is 11756258851 prime?
True
Is 519268681 composite?
False
Is 14905253981 a composite number?
False
Is 4798125091 a composite number?
True
Is 443057437 composite?
False
Is 5754281773 a composite number?
True
Is 292085951 composite?
False
Is 37247242499 a prime number?
False
Is 755793359 prime?
True
Is 6993361127 a composite number?
True
Is 34807358447 prime?
True
Is 3269895357 a prime number?
False
Is 10527710477 prime?
False
Is 521687251 a composite number?
True
Is 74370796753 composite?
True
Is 164544881 prime?
False
Is 12526218127 prime?
False
Is 4110731941 prime?
True
Is 11225737327 a prime number?
False
Is 835486649 composite?
True
Is 1431767665 prime?
False
Is 113127990565 prime?
False
Is 28545761999 composite?
True
Is 7068103919 prime?
True
Is 232226191 prime?
True
Is 470603678 a composite number?
True
Is 475814743 a prime number?
True
Is 705748873 a composite number?
True
Is 4411533491 prime?
False
Is 194182039 a prime number?
False
Is 281445862535 prime?
False
Is 5654395369 a composite number?
True
Is 953478029 prime?
False
Is 2979244111 a composite number?
False
Is 12700901 prime?
True
Is 809688997 composite?
True
Is 65515735 a prime number?
False
Is 4583222233 a composite number?
False
Is 15172253 composite?
False
Is 119782006601 composite?
False
Is 515781311 a prime number?
False
Is 1739642987 a prime number?
True
Is 2138396809 a prime number?
False
Is 2330045689 prime?
False
Is 25733442355 prime?
False
Is 20803675345 composite?
True
Is 2833565219 composite?
True
Is 226440883 a prime number?
True
Is 265991663573 prime?
False
Is 16892455819 a prime number?
True
Is 38768659499 prime?
False
Is 1142392463 prime?
False
Is 6360547 a prime number?
True
Is 2227810159 composite?
False
Is 1133973917 composite?
False
Is 4629832247 a composite number?
True
Is 110753244191 composite?
False
Is 2289115247 composite?
False
Is 10193696113 composite?
True
Is 555189737 a prime number?
True
Is 645657101 a composite number?
True
Is 196688458 composite?
True
Is 80367107 composite?
False
Is 568640777 a composite number?
False
Is 4435194877 a prime number?
True
Is 30988600609 prime?
False
Is 5157197459 composite?
False
Is 69811067 a composite number?
True
Is 18280106227 composite?
False
Is 1508050983 prime?
False
Is 5381982439 prime?
False
Is 8031201677 a composite number?
True
Is 5301239209 a prime number?
False
Is 4193880259 a composite number?
False
Is 2984023871 a prime number?
True
Is 4979420671 composite?
False
Is 2963445131 prime?
True
Is 385443943 a prime number?
True
Is 6186174769 prime?
False
Is 303426168787 prime?
False
Is 1961807669 a composite number?
False
Is 6662918401 composite?
False
Is 61665183523 prime?
False
Is 12216693719 a prime number?
True
Is 43363852789 composite?
True
Is 8550808727 prime?
False
Is 7542668699 a prime number?
False
Is 26874874549 prime?
True
Is 5577825061 a composite number?
False
Is 707911999 a prime number?
True
Is 4350693538 a composite number?
True
Is 439327333 composite?
False
Is 979828397 prime?
True
Is 29708854639 a composite number?
True
Is 2357686949 a composite number?
False
Is 150925612303 prime?
True
Is 74501133101 prime?
True
Is 478415407 prime?
False
Is 1670059493 a composite number?
False
Is 13252294337 prime?
False
Is 795420889 composite?
False
Is 751362767 composite?
False
Is 1716175117 prime?
True
Is 14669988797 a prime number?
False
Is 26654941343 a prime number?
True
Is 253167433 prime?
False
Is 1713742699 a composite number?
True
Is 20730329 a prime number?
False
Is 470595109 prime?
False
Is 1060082531 composite?
False
Is 91720760627 a prime number?
False
Is 163516021 a prime number?
True
Is 23798939603 a prime number?
False
Is 7831432047 composite?
True
Is 3829023053 composite?
False
Is 30034981239 prime?
False
Is 3866408707 a prime number?
False
Is 80715926821 composite?
False
Is 512640847 a prime number?
True
Is 124619666935 prime?
False
Is 2607830951 prime?
False
Is 5186296117 a prime number?
True
Is 106013260379 a composite number?
True
Is 1581731927 a prime number?
True
Is 793657423 a prime number?
False
Is 1091650649 a prime number?
True
Is 5431565473 a prime number?
False
Is 7987259162 composite?
True
Is 18002690429 a composite number?
False
Is 4998518681 composite?
True
Is 3851038439 prime?
True
Is 777699535 a prime number?
False
Is 72957191 a prime number?
True
Is 112783427 a composite number?
False
Is 1570915221 a composite number?
True
Is 2907248551 a composite number?
True
Is 10265161189 prime?
True
Is 5651560883 a prime number?
False
Is 442865427 a prime number?
False
Is 1487838854 a composite number?
True
Is 2732032297 a composite number?
True
Is 10497432421 a composite number?
True
Is 12058242049 composite?
True
Is 357049646 prime?
False
Is 17309259307 a prime number?
True
Is 356767961 a composite number?
True
Is 63724657 a composite number?
False
Is 17730891713 composite?
True
Is 965423533 composite?
False
Is 1040963199 a composite number?
True
Is 10837386607 a composite number?
False
Is 42354769669 a prime number?
False
Is 9884263861 composite?
True
Is 25263657781 composite?
True
Is 11061061439 a composite number?
False
Is 28282962007 a composite number?
True
Is 1414474729 composite?
True
Is 4186379633 prime?
False
Is 3138108193 composite?
True
Is 326462269 a composite number?
True
Is 9507059477 a composite number?
True
Is 32087231239 prime?
False
Is 242763349 a prime number?
False
Is 47479629803 a prime number?
False
Is 7185264347 prime?
False
Is 97838241989 a prime number?
True
Is 18460340509 a composite number?
True
Is 3318501499 a prime number?
True
Is 53887326358 a composite number?
True
Is 653773909 prime?
False
Is 221297 prime?
False
Is 6976956253 a prime number?
True
Is 21190576189 a prime number?
False
Is 16926505027 a prime number?
False
Is 128207211595 a prime number?
False
Is 34704342989 composite?
False
Is 1959992323 composite?
False
Is 22623669587 a composite number?
False
Is 176612351 a prime number?
False
Is 52025023273 prime?
True
Is 7151786387 prime?
True
Is 162282863 prime?
False
Is 44920758439 prime?
True
Is 5476491577 prime?
True
Is 3147382677 a prime number?
False
Is 612449315 a composite number?
True
Is 1736157359 composite?
False
Is 2265125063 prime?
False
Is 337250377 a prime number?
False
Is 1354232447 prime?
True
Is 10499468383 composite?
False
Is 226032408991 a composite number?
False
Is 1126325723 a composite